10*x - 9 + 2*x + 0*x. Calculate the remainder when i(5) is divided by 27.
24
Let a(v) = -3*v + 131. Calculate the remainder when a(-19) is divided by 48.
44
Calculate the remainder when 93 is divided by (0 - 20/(-7))/((-3)/(-21)).
13
Let t = -1233 - -1602. What is the remainder when t is divided by 7?
5
Calculate the remainder when 187 is divided by (160/40)/(2/19).
35
Let l = 36 + -24. Suppose 4*w - 5 = -3*j, -5*j - 16 = 9. Suppose -w*c + 5*v = -175, 4*c + 3*v - 133 = -0. What is the remainder when c is divided by l?
10
Suppose 11 = -5*y - 4, -3*o = -5*y - 66. Suppose -13*l - 88 = -o*l. Calculate the remainder when 85 is divided by l.
19
Let q(a) = -57*a**2 - 2*a + 3. Let x be q(2). Let f = -116 - x. Suppose -4 = -b + 5*s, 15*b + s - 63 = 13*b. Calculate the remainder when f is divided by b.
26
Let w(d) = 4*d - 4. Let p be w(2). Suppose -r - r = 4*b - 8, -r + p = -2*b. What is the remainder when 9 is divided by r?
1
Suppose 0*c = -5*c + 215. Let j = 175 - c. Suppose 4*y - 5*b = j, 2*y = -2*b + 41 + 7. Calculate the remainder when y is divided by 10.
8
Let j be 18/2*4/6. Let n be 2 + (4/(-2) + 3 - 1). Suppose 0 = -n*d + j + 4. Calculate the remainder when 13 is divided by d.
3
Let z be -13*(-4)/(7 + -3). Let x = 17 - z. Suppose 18*f = 15*f + 45. Calculate the remainder when f is divided by x.
3
Suppose -y = 3*c - 56, -5*y + 21*c = 20*c - 328. What is the remainder when 128 is divided by y?
63
Calculate the remainder when 3 - 0 - (10 - 54) is divided by 14.
5
Suppose 0*j = b + 2*j + 44, 0 = 2*b + 3*j + 88. Let w = 20 - b. Suppose -k = r - w, r + 2*k = -0*r + 62. Calculate the remainder when r is divided by 34.
32
Let z = 1472 + -1193. What is the remainder when z is divided by 40?
39
Suppose -3*i - 3*o + 6 = 0, 4*i - 2*o - 9 + 1 = 0. Let z(d) = 5*d**3 + d**2 - 2. What is the remainder when z(i) is divided by 9?
6
Let y = -59 + 72. Calculate the remainder when 1297 is divided by y.
10
Let l = 12 - 8. Suppose l*r - 29 + 13 = 0. Suppose 0*k + r*s + 17 = k, -5*s + 10 = 5*k. Calculate the remainder when 19 is divided by k.
4
Let n(j) = 2*j + 2*j + 3*j - 2 - 8*j. Calculate the remainder when n(-4) is divided by 2.
0
Suppose 0 = -5*w - 3*a + 203 + 46, 0 = w + 3*a - 45. What is the remainder when w is divided by 39?
12
Let m(x) = -14*x - 3. Suppose 107*o - 112 = 103*o. What is the remainder when m(-4) is divided by o?
25
Let d(p) = 9*p + 2. Suppose 15 = 5*y - 30. Let k(w) = -w + 24. What is the remainder when d(3) is divided by k(y)?
14
Let a = 299 - 231. What is the remainder when a is divided by (-2)/(-8) - (-225)/12?
11
Let o(k) = 182*k**2 - 26*k - 1. What is the remainder when o(-1) is divided by 45?
27
Suppose 54*r - 899 = 23*r. Calculate the remainder when 51 is divided by r.
22
Suppose -4*l = -2*w + 10, 4*l = 2*w - 5*w + 35. Suppose -5*a - 25 = -5*z, -2*z + z - 40 = 4*a. Calculate the remainder when w is divided by -4 + (a - 1)/(-1).
3
Let n(f) = -9*f + 150. What is the remainder when n(7) is divided by 18?
15
What is the remainder when 152/(-2)*((-60)/8 + 7) is divided by 13?
12
Let i = 459 + -452. Calculate the remainder when 20 is divided by i.
6
Let o be (-573)/(-21) - (-2)/(-7). Suppose 0 = -p + 4*r + 25 - 2, -4*p + 3*r = -o. Suppose -c - p*c = -8. What is the remainder when 5 is divided by c?
1
Suppose 0 = 2*r + 2*r - 68. Suppose 4*f = 2*c + 4, -f + 0 = -c + 1. Suppose 0 = c*a - 7*a + 18. What is the remainder when r is divided by a?
5
Let c(f) be the third derivative of 5*f**2 + 0 + 0*f**4 + 0*f - 1/6*f**3 - 3/10*f**6 + 0*f**5. Calculate the remainder when c(-1) is divided by 9.
8
Suppose 40 + 98 = 3*d. Calculate the remainder when d is divided by 13.
7
Suppose -2*v + 7 + 13 = 0. Let i = 125 - 137. What is the remainder when 3/i - 154/(-8) is divided by v?
9
Suppose -304*p + 792 = -293*p. What is the remainder when p is divided by 6?
0
Suppose -1255 = -4*s - 443. Suppose 0 = -7*h + 296 - 9. What is the remainder when s is divided by h?
39
Let u be (-3)/2*(-4 - -6). Let h = -9 - u. Calculate the remainder when 9 is divided by 4/h + 60/9.
3
Suppose 0 = 4*q - 42 - 18. Suppose -3672*t - 2904 = -3705*t. Calculate the remainder when t is divided by q.
13
Calculate the remainder when 1468 is divided by 18/27*(13 - 10/(-5)).
8
Suppose -3*y - n + 3*n + 44 = 0, 5*n = -5. Let l be (21/y)/((-3)/116). Let c = -30 - l. What is the remainder when 55 is divided by c?
27
Let w(j) = 22*j**2 + 55*j + 1. What is the remainder when 201 is divided by w(-3)?
31
Suppose -a = -g - 49, -3*a = -8*a - 5*g + 255. Let s be 0 + (3 - 6 - -3). Suppose -5*i + s*i + 130 = 0. Calculate the remainder when a is divided by i.
24
Suppose 0 = 11*r - 4036 - 6315. Calculate the remainder when r is divided by 45.
41
Let n(v) = v**3 + v. Let g(r) = 2*r**3 + 3*r + 61. Let u(w) = g(w) - 3*n(w). What is the remainder when u(0) is divided by 8?
5
Let d(u) = 5*u**2 + 3*u**2 - 12*u - 7*u**2 + 21 + 3*u. Calculate the remainder when d(6) is divided by (2/(-3))/((-2)/3).
0
Suppose -3*y - 5*t = -157, -11*t + 73 = 2*y - 14*t. Calculate the remainder when y is divided by 17.
10
Let p = -9 + 11. Let y(d) = -2*d**2 + 19*d - 4. Calculate the remainder when y(9) is divided by p.
1
Let k = -5 + 9. Let h = 84 + -72. Suppose -k*c + h = -36. Calculate the remainder when c is divided by 4.
0
Suppose g - 179 = 4*h, 2*g + h = 5*g - 537. Let k = 31 - 18. What is the remainder when g is divided by k?
10
Let j be (4 - 3) + -5 - 66. What is the remainder when (-40)/j - 52/(-7) is divided by -2*(1 + 5/(-2))?
2
Let v(b) = b**3 - 14*b**2 - 14*b - 15. Let s be v(15). Suppose g + q - 29 = s, 4*g - 170 = -3*q - 54. What is the remainder when g is divided by 6?
5
Suppose 4*v + 101 = j - 44, j - 153 = -4*v. Let t = 53 - 15. What is the remainder when j is divided by t?
35
Suppose -55 + 10 = -5*p. What is the remainder when ((-248)/24)/(1/(-3)) is divided by p?
4
Suppose 0 = 5*m - 2*s - 1092, -5*s + 344 = 3*m - 274. Suppose 0*j - 55 = -j. Calculate the remainder when m is divided by j.
51
Let w be (19/38)/(1/32). Suppose -t = -4*k + 3*t + 20, -5*t - w = -4*k. Suppose 0 = k*l - 7*l - 146. Calculate the remainder when l is divided by 19.
16
Suppose -9*y + 4*y = -4*h + 44, 2*y - 4 = -2*h. Suppose 0 = -4*p - 5*z - 39 + 119, 26 = 2*p - z. Calculate the remainder when p is divided by h.
3
Suppose -n = o - 74, 65 = -0*n + n + 4*o. Let c be 938/n + (-4)/22. Calculate the remainder when 8/(c/(-8) - -2) is divided by 10.
6
Let w(x) = x**2 - 11*x - 7. Let d be w(12). Suppose 5*c + 4 = c. Calculate the remainder when (6 - d)/(c/(-17)) is divided by 9.
8
Let w = -2182 - -2190. Calculate the remainder when 154 is divided by w.
2
Suppose -20*t + 1647 = -833. Calculate the remainder when t is divided by 63.
61
Let t = -7 - -10. Let m be (-19)/(-5) - 2/(-10). Suppose 0 = -m*c - 4*x + 12, 18 = -4*c + 5*c - 2*x. Calculate the remainder when c is divided by t.
2
Let h be (72/14)/(2/14). Suppose 5*j - h + 1 = 0. Let b = -29 - -42. What is the remainder when b is divided by j?
6
Suppose -28*d = -8*d - 3500. Calculate the remainder when d is divided by 46.
37
Let c(y) = 20*y**2 + 4*y + 5. Let r be c(-2). What is the remainder when 4 is divided by 4/22 + 63/r?
0
Suppose 6*q - 448 = 548. What is the remainder when q is divided by 24?
22
Let a(c) = -c**3 - 7*c**2 - 7*c + 1. Let n be a(-6). Suppose -2*p = -n*p + 40. Let i = 69 - 47. What is the remainder when i is divided by p?
6
Suppose -10*z + 980 = -0*z. Suppose -20*b + 18*b = -z. What is the remainder when b is divided by 18?
13
Let r(l) = 11*l - 5. Let j(h) = -28*h + 12. Let s(i) = 5*j(i) + 12*r(i). What is the remainder when 21 is divided by s(-1)?
5
Let b(f) = -4*f - 3. Let i = 27 - 22. Let n = 4 - i. Calculate the remainder when 4 is divided by b(n).
0
Suppose -l + 5 = -0. Suppose -70 = -l*v - 5*v. Calculate the remainder when 32 is divided by v.
4
Let r(q) = 2*q**2 + 3*q - 4. Suppose -4*a = g + 2*g - 2, 0 = 4*a - g - 10. Calculate the remainder when 16 is divided by r(a).
6
Let r(i) = i**3 + 2*i**2 - 3*i. Suppose s + 3*l + 1 + 7 = 0, 0 = 3*s + 2*l - 4. What is the remainder when r(s) is divided by 22?
18
Let t be (93/(-9))/(2/6). Suppose -25 - 55 = 5*m. Let i = m - t. Calculate the remainder when 57 is divided by i.
12
Calculate the remainder when 84 is divided by ((-1)/2)/((-109)